ommon divisor of 2535 and g.
15
Suppose -i - 4*d + 601 = 0, 10*i = 9*i + d + 606. What is the greatest common factor of i and 44?
11
Let t be (-3 + -6 + 11 + -5)*55/(-33). What is the greatest common factor of t and 1700?
5
Suppose 6*n - 3*n = 4*l - 4, 5*n - l - 16 = 0. Calculate the greatest common factor of 1664 and n.
4
Suppose 724 + 586 = 5*c. Let j = c - 244. What is the highest common factor of j and 54?
18
Let d(r) be the first derivative of 5*r**2/2 - 98*r - 54. Let v be d(20). Calculate the highest common factor of v and 54.
2
Let v(h) be the first derivative of 50*h**2 - 137*h - 156. Let l be v(5). Let s be (-11)/(2/6*-1). What is the highest common factor of l and s?
33
Let h(c) = 10*c + 152. Let m be h(10). Let w = 356 - m. Calculate the greatest common divisor of 13 and w.
13
Let l(n) be the first derivative of -n**4 + 28*n**3/3 + 4*n**2 + 7*n + 15. Let o be l(7). Calculate the greatest common divisor of 35 and o.
7
Let j be 26871 + 10/2 + 38 + -30. Calculate the greatest common factor of 88 and j.
44
Suppose -42506 = -42*y + 58168. Calculate the greatest common factor of y and 51.
51
Let t be 120/6 + -5 - (0 - 1). Let w = 34 + t. Calculate the highest common divisor of w and 40.
10
Let g = -17 - -35. Let k = 14 + -13. Suppose 2*o + k - 5 = 0. What is the highest common divisor of g and o?
2
Let m be (-2 + 2 - -1) + (25 - -1). Suppose -25*z + m = -48. What is the highest common divisor of z and 29?
1
Let q(d) = -4*d + 68. Let w be q(11). Let y be w/30 - (3 - (-121)/(-5)). What is the greatest common factor of y and 176?
22
Let i be (7 + -59)*(-42)/12. Calculate the highest common divisor of 156 and i.
26
Suppose -14*r + 6 = -8*r. Let a(x) = 17*x**3 - x**2 - 6*x + 6. Let j be a(r). Calculate the highest common divisor of j and 2.
2
Let i(w) = 0*w**2 - 2 - 6*w**2 + 7*w**2 - 5*w. Let b be i(6). Suppose -2*c + b = -30. Calculate the highest common divisor of c and 136.
17
Let r(b) = 4*b**2 - 7*b + 27. Let j(y) = 3*y**2 - 4*y + 14. Let a(x) = 5*j(x) - 3*r(x). Let d be a(3). What is the greatest common divisor of 57 and d?
19
Let x be 5 + (-730)/150 + (-3)/(45/(-9448)). Calculate the greatest common factor of 2030 and x.
70
Suppose -392*s - 223 = -393*s. Let g = s - 163. What is the highest common divisor of 5 and g?
5
Let r be 228 - (630/147 + 2/21*-3). Calculate the greatest common factor of 938 and r.
14
Let v = 278 - 352. Let m = v - -364. What is the highest common factor of 232 and m?
58
Suppose 964*h = 692*h + 1107584. What is the greatest common factor of h and 88?
8
Let k(x) = -x**2 - 237*x + 28. Let r be k(0). Calculate the highest common divisor of r and 9772.
28
Let p = -9665 - -9670. Let j(d) = 9*d**2 + d + 2. Suppose -4*z = -0*z + 5*a + 17, z - 2*a - 12 = 0. Let g be j(z). What is the highest common factor of p and g?
5
Suppose 1425*l = 1469*l - 261404. Calculate the greatest common divisor of 26 and l.
13
Let c be ((-7)/((-7)/(-48)))/(33/88). Let i = c + 228. Suppose 4*b - 36 - i = 0. Calculate the greatest common factor of 85 and b.
17
Let o(d) = -20*d - 32. Let t be o(-7). Suppose -9*a = -2844 - t. What is the greatest common factor of a and 8?
8
Suppose -3*z - 1 + 10 = 0. Suppose -z*m = -h - 4*m + 61, -5*m = 10. Let r = -120 + 129. What is the highest common factor of h and r?
9
Let l = 3996 + -3684. What is the greatest common factor of 429 and l?
39
Let r be (-18)/(-24)*-8 - (-264)/((-4)/(-2)). What is the highest common divisor of 117 and r?
9
Suppose -288 = -i - 5*s, 0 = -2*i + 4*s - 2*s + 576. Suppose -6*b + i = 3*b. Calculate the greatest common factor of 80 and b.
16
Let k be ((-168)/(-35) - -2)/(2/30). Calculate the greatest common factor of 748 and k.
34
Suppose 15540 = 534*s - 349*s. Calculate the greatest common divisor of 448 and s.
28
Let q(z) = -5*z - 70. Let j be q(-14). Suppose b - 55 - 39 = j. Calculate the greatest common factor of b and 423.
47
Let v(c) = 12*c**2 - 12*c - 8. Let z be v(10). What is the highest common divisor of 16 and z?
16
Suppose 3*d + 71 = 2*p, -2*p + 135*d = 130*d - 81. What is the greatest common divisor of 108 and p?
4
Suppose 0 = 4*y + l - 2*l - 5945, 0 = 3*y + 3*l - 4440. Let x = y + -1056. Let m = 78 + -39. Calculate the greatest common divisor of m and x.
39
Suppose 0 = 2*x + p - 78 - 98, 0 = -3*p. Calculate the highest common divisor of x and 374.
22
Let a = 11763 - 11753. Suppose -1523 - 3187 = -3*h. What is the highest common divisor of h and a?
10
Suppose -6557 + 18755 = 27*r + 30*r. Calculate the greatest common divisor of r and 8.
2
Let y(t) = -110*t + 1780. Let n be y(16). Calculate the highest common divisor of 68 and n.
4
Suppose -5*j - 5*f = 20, 2*j - 185*f = -186*f + 3. Let s be 284 + 1 - (2 + -4). What is the highest common divisor of s and j?
7
Let h be (18/8)/((-6)/(-168)). Suppose 3*p - 152 = -5*l, 29 = 3*l + p - h. Calculate the highest common factor of l and 248.
31
Let m be (-1183353)/(-3315) + (-2)/(-65). What is the greatest common divisor of 287 and m?
7
Let l = 283 + -19. Suppose s - 821 = 5*m - 788, 4*m = 3*s - 132. Calculate the highest common divisor of l and s.
24
Let f(z) = -z**3 + 11*z**2 - 2*z - 8. Suppose -4*l + y = -8*l + 42, 0 = y - 2. Let r be f(l). What is the greatest common factor of r and 144?
72
Let x(v) = 13*v**2 - 1898*v + 436. Let t be x(146). Calculate the highest common divisor of t and 13298.
218
Let s be (-28 - (-1 + 2))/(1 + -2). Suppose 95 = 2*d + s. Let b(r) = 67*r**2 - 2*r + 1. Let t be b(1). What is the highest common divisor of d and t?
33
Suppose 0 = -o + 3*i + 517, 5*i - 3636 = -5*o - 931. Calculate the greatest common divisor of 5 and o.
5
Suppose a = 3*a + 3*o - 11, 0 = 3*a - o - 11. Suppose 0 = a*i - 3*z - 132, 0 = -i - 9*z + 4*z + 10. Calculate the highest common divisor of i and 12.
6
Let l(v) = v**2 + 8*v - 6176. Let x be l(106). What is the greatest common factor of 84 and x?
28
Let s(d) = 20*d - 117. Let f be s(6). Suppose 34 = f*m + 13. Calculate the highest common divisor of m and 84.
7
Suppose 44*a - 37*a = -4158. Let v = a + 602. Calculate the greatest common factor of v and 14.
2
Let f be (-90)/(-40)*((-2)/(-19) - 2590/(-2109)). What is the highest common divisor of f and 140?
1
Let h = 5372 + 273. Calculate the greatest common divisor of h and 5.
5
Let l be 27*(-7 + (-8 - -16)) - -5. What is the greatest common divisor of l and 68?
4
Suppose -7 = -6*f + 1397. Suppose -1224 = 21*m - 55*m. Calculate the greatest common factor of f and m.
18
Let b(y) = -5*y**3 - 4*y**2 - 4*y - 1. Let q be b(-3). Let s = -194640 + 194695. Calculate the greatest common divisor of q and s.
55
Let a = 7132 - 6327. What is the greatest common divisor of a and 115?
115
Let h be (5 + -2)/((-2)/(-54)). Let k be (5 - 74) + 39 - -192. What is the greatest common divisor of h and k?
81
Let h(i) = 2*i**2 - 190*i + 3220. Let q be h(18). Calculate the highest common factor of q and 24.
8
Suppose 0 = -4*p + 2*z + 36, 2*p + 3*z = 7*p - 47. Let n(s) = s**3 - 5*s**2 - 15*s + 11. Let x be n(p). Calculate the greatest common factor of 6 and x.
2
Let d be (14 - 0)/(2 - (-741)/(-380)). Calculate the greatest common divisor of 1590 and d.
10
Let h be 4 - (-510)/((-24)/4). Let j be (2 + (-70)/(-4))/(h/(-270)). Calculate the greatest common divisor of 13 and j.
13
Let l = 9814 - 8438. Calculate the highest common factor of 72 and l.
8
Let i be 2*(9/6 + (-4)/(-4)). Suppose -4 = -2*s, -y - i*s + 14 = 1. Suppose 4*u = -3*x - 9 + 30, -2*x = y*u - 16. What is the highest common factor of u and 24?
6
Let w = -32 - -266. Let d be 5/((-50)/(-170)) + 22. Calculate the highest common divisor of d and w.
39
Let g(t) = t**3 - 6*t**2 + 8*t - 3. Let p(x) = 6*x. Let q be p(4). Suppose 9 = -3*l + q. Let o be g(l). Calculate the greatest common factor of 30 and o.
6
Let s(c) = 14931*c - 149130. Let w be s(10). Suppose -3*j - i = -5*i - 26, j + i + 3 = 0. What is the highest common divisor of w and j?
2
Suppose -5*u + 45 = 10. Let n = -7 + u. Suppose f = -n + 5. Calculate the highest common factor of 45 and f.
5
Suppose 0 = -3*q + 87 - 15. Let s be (16/q + 0)/(1/3). Calculate the highest common factor of s and 5.
1
Suppose -33616 = -4*t - 12*t. Calculate the highest common divisor of 11 and t.
11
Suppose 56 = 48*l - 41*l. Suppose 72 = -0*j + 4*j. Suppose 0 = f + l 